{"id":875,"date":"2017-01-23T14:57:44","date_gmt":"2017-01-23T13:57:44","guid":{"rendered":"http:\/\/cirdictest.letraindelamemoire.fr\/?page_id=875"},"modified":"2017-01-23T14:57:44","modified_gmt":"2017-01-23T13:57:44","slug":"sinformer","status":"publish","type":"page","link":"https:\/\/www.cirdic.fr\/index.php\/sinformer\/","title":{"rendered":"S&rsquo;informer"},"content":{"rendered":"<p>&nbsp;<\/p>\n<p style=\"text-align: justify;\"><img loading=\"lazy\" decoding=\"async\" class=\"alignleft wp-image-1267 size-medium\" src=\"https:\/\/www.cirdic.fr\/wp-content\/uploads\/2017\/01\/juifs-cathos-paray-le-monial-pape-francois-kotel-300x182.jpg\" width=\"300\" height=\"182\" srcset=\"https:\/\/www.cirdic.fr\/wp-content\/uploads\/2017\/01\/juifs-cathos-paray-le-monial-pape-francois-kotel-300x182.jpg 300w, https:\/\/www.cirdic.fr\/wp-content\/uploads\/2017\/01\/juifs-cathos-paray-le-monial-pape-francois-kotel.jpg 660w\" sizes=\"auto, (max-width: 300px) 85vw, 300px\" \/>Le CIRDIC se propose de donner des pistes de r\u00e9flexion sur tous les grands th\u00e8mes du dialogue et des relations entre Juifs et Chr\u00e9tiens en informant \u00e0 travers des articles, ouvrages, colloques, conf\u00e9rences&#8230;<\/p>\n<p>&nbsp;<\/p>\n<p>&nbsp;<\/p>\n<ul>\n<li>Comment le juda\u00efsme peut-il nous aider \u00e0 mieux comprendre les \u00c9critures ? La <a href=\"https:\/\/www.cirdic.fr\/index.php\/sinformer\/lettres-du-dimanche\/\">\u00ab\u00a0Lettre du dimanche\u00a0\u00bb <\/a>introduit chaque semaine \u00e0 une lecture plus profonde de la Parole de Dieu chaque dimanche.<\/li>\n<li>Qu&rsquo;est ce que le <a title=\"Les points de vue Juifs sur le dialogue, les Eglises, la lecture commune de la Bible h\u00e9bra\u00efque\" href=\"http:\/\/cirdic.fr\/?cat=21\">Juda\u00efsme<\/a> aujourd&rsquo;hui ?<\/li>\n<li><a href=\"http:\/\/cirdic.fr\/?cat=18\">Eglise et Synagogue<\/a> : en quoi le dialogue jud\u00e9o-chr\u00e9tien est-il sp\u00e9cifique ?<\/li>\n<li>Comment comprendre l&rsquo;<a title=\"Lutte contre l'antis\u00e9mitisme, r\u00e9actions, bilans\" href=\"http:\/\/cirdic.fr\/?cat=15\">Antis\u00e9mitisme<\/a> aujourd&rsquo;hui ?<\/li>\n<li>Pourquoi faire m\u00e9moire de la <a href=\"http:\/\/cirdic.fr\/?cat=26\">Shoah<\/a> ?<\/li>\n<li>G\u00e9nocides : une r\u00e9alit\u00e9 d&rsquo;aujourd&rsquo;hui.<\/li>\n<\/ul>\n<p>&nbsp;<\/p>\n<div class=\"intro_text\"><\/div>\n","protected":false},"excerpt":{"rendered":"<p>&nbsp; Le CIRDIC se propose de donner des pistes de r\u00e9flexion sur tous les grands th\u00e8mes du dialogue et des relations entre Juifs et Chr\u00e9tiens en informant \u00e0 travers des articles, ouvrages, colloques, conf\u00e9rences&#8230; &nbsp; &nbsp; Comment le juda\u00efsme peut-il nous aider \u00e0 mieux comprendre les \u00c9critures ? La \u00ab\u00a0Lettre du dimanche\u00a0\u00bb introduit chaque semaine &hellip; <a href=\"https:\/\/www.cirdic.fr\/index.php\/sinformer\/\" class=\"more-link\">Continuer la lecture<span class=\"screen-reader-text\"> de &laquo;&nbsp;S&rsquo;informer&nbsp;&raquo;<\/span><\/a><\/p>\n","protected":false},"author":2,"featured_media":0,"parent":0,"menu_order":0,"comment_status":"closed","ping_status":"closed","template":"","meta":{"footnotes":""},"class_list":["post-875","page","type-page","status-publish","hentry"],"jetpack_sharing_enabled":true,"_links":{"self":[{"href":"https:\/\/www.cirdic.fr\/index.php\/wp-json\/wp\/v2\/pages\/875","targetHints":{"allow":["GET"]}}],"collection":[{"href":"https:\/\/www.cirdic.fr\/index.php\/wp-json\/wp\/v2\/pages"}],"about":[{"href":"https:\/\/www.cirdic.fr\/index.php\/wp-json\/wp\/v2\/types\/page"}],"author":[{"embeddable":true,"href":"https:\/\/www.cirdic.fr\/index.php\/wp-json\/wp\/v2\/users\/2"}],"replies":[{"embeddable":true,"href":"https:\/\/www.cirdic.fr\/index.php\/wp-json\/wp\/v2\/comments?post=875"}],"version-history":[{"count":0,"href":"https:\/\/www.cirdic.fr\/index.php\/wp-json\/wp\/v2\/pages\/875\/revisions"}],"wp:attachment":[{"href":"https:\/\/www.cirdic.fr\/index.php\/wp-json\/wp\/v2\/media?parent=875"}],"curies":[{"name":"wp","href":"https:\/\/api.w.org\/{rel}","templated":true}]}}