{"id":679,"date":"2017-01-06T17:35:35","date_gmt":"2017-01-06T16:35:35","guid":{"rendered":"http:\/\/cirdictest.letraindelamemoire.fr\/?page_id=679"},"modified":"2023-04-21T13:57:49","modified_gmt":"2023-04-21T11:57:49","slug":"lettres-du-dimanche","status":"publish","type":"page","link":"https:\/\/www.cirdic.fr\/index.php\/sinformer\/lettres-du-dimanche\/","title":{"rendered":"La lettre du Dimanche"},"content":{"rendered":"<h2 style=\"text-align: justify;\"><img loading=\"lazy\" decoding=\"async\" class=\"alignleft wp-image-1235 size-full\" src=\"https:\/\/www.cirdic.fr\/wp-content\/uploads\/2017\/01\/bible-et-cierge.jpg\" alt=\"\" width=\"300\" height=\"224\" \/>La Parole de Dieu \u00e0 la lumi\u00e8re du Juda\u00efsme<\/h2>\n<p style=\"text-align: justify;\">La \u00ab\u00a0<strong>Lettre du Dimanche<\/strong>\u00a0\u00bb voudrait aider quiconque souhaite se pr\u00e9parer \u00e0 accueillir la Parole de Dieu donn\u00e9e dans l&rsquo;Eglise chaque dimanche. Elle peut aussi aider \u00e0 commenter les lectures dominicales.<\/p>\n<p style=\"text-align: justify;\">On trouvera dans chaque lettre :<\/p>\n<div class=\"intro_text\">\n<ul style=\"text-align: justify;\">\n<li>Le r\u00e9sum\u00e9 du message central du dimanche,<\/li>\n<li>Des pistes de r\u00e9flexion pour les quatre textes de la c\u00e9l\u00e9bration eucharistique<\/li>\n<li>Des notes explicatives souvent en rapport avec la r\u00e9alit\u00e9 juive au temps de J\u00e9sus<\/li>\n<li>Des r\u00e9f\u00e9rences \u00e0 des textes parall\u00e8les (choix d\u00e9lib\u00e9r\u00e9ment limit\u00e9 au Premier Testament)<\/li>\n<li>Des notes de vocabulaire<\/li>\n<li>Le cas \u00e9ch\u00e9ant, un rappel du calendrier juif.<\/li>\n<\/ul>\n<p style=\"text-align: justify;\"><strong>La premi\u00e8re lecture<\/strong> est mise en r\u00e9sonance avec<strong> l&rsquo;Evangile<\/strong> ; l<strong>e psaume<\/strong> donne souvent la cl\u00e9 de cette unit\u00e9 entre le Premier et le Nouveau Testament. Sauf pour les f\u00eates avec lesquelles elle est harmonis\u00e9e,<strong> la deuxi\u00e8me lecture<\/strong> est une lecture continue d\u2019un dimanche \u00e0 l\u2019autre : les commentaires seront donc toujours donn\u00e9s dans cet ordre.<\/p>\n<p style=\"text-align: justify;\">Dimanche apr\u00e8s dimanche \u00e0 travers quatre textes, l\u2019\u00c9glise propose donc d\u2019entendre la Parole de Dieu : pendant le temps \u00abordinaire\u00bb, la liturgie de l\u2019\u00c9glise remet en m\u00e9moire les grandes v\u00e9rit\u00e9s de la foi chr\u00e9tienne pour qu\u2019elles p\u00e9n\u00e8trent la pens\u00e9e et la vie quotidienne.<br \/>\nL\u2019accent particulier de chaque dimanche est mis en exergue au d\u00e9but de la lettre.<\/p>\n<h3 style=\"text-align: justify;\">T\u00e9l\u00e9charger les Lettres du Dimanche Ann\u00e9e B :<\/h3>\n<p><a href=\"https:\/\/www.cirdic.fr\/wp-content\/uploads\/2017\/12\/1er-dimanche-Avent-B-2017.pdf\"> 1er dimanche de l&rsquo;Avent B<\/a><br \/>\n<a href=\"https:\/\/www.cirdic.fr\/wp-content\/uploads\/2017\/12\/2e-dimanche-Avent-B-2017.pdf\"> 2e dimanche de l&rsquo;Avent B<\/a><br \/>\n<a href=\"https:\/\/www.cirdic.fr\/wp-content\/uploads\/2017\/12\/3e-dimanche-Avent-B-2017.pdf\">3e dimanche de l&rsquo;Avent B<\/a><br \/>\n<a href=\"https:\/\/www.cirdic.fr\/wp-content\/uploads\/2018\/04\/2017-4e-dimanche-avent-B_La-lettre-du-Dimanche.pdf\">4e dimanche de l&rsquo;Avent B<\/a><br \/>\n<a href=\"https:\/\/www.cirdic.fr\/wp-content\/uploads\/2017\/12\/Dimanche-de-lEpiphanie-B-2018.pdf\">Dimanche de l&rsquo;Epiphanie B<\/a><br \/>\n<a href=\"https:\/\/www.cirdic.fr\/wp-content\/uploads\/2018\/01\/2e-dimanche-ordinaire-B-2018.pdf\"> 2e dimanche ordinaire B<\/a><br \/>\n<a href=\"https:\/\/www.cirdic.fr\/wp-content\/uploads\/2018\/01\/3e-dimanche-ordinaire-B-2018-1.pdf\"> 3e dimanche ordinaire B<\/a><br \/>\n<a href=\"https:\/\/www.cirdic.fr\/wp-content\/uploads\/2018\/01\/4e-dimanche-ordinaire-B-2018.pdf\">4e dimanche ordinaire B<\/a><br \/>\n<a href=\"https:\/\/www.cirdic.fr\/wp-content\/uploads\/2018\/04\/2018_5edim-ordin.Annee-B.pdf\">5e dimanche ordinaire B<\/a><br \/>\n<a href=\"https:\/\/www.cirdic.fr\/wp-content\/uploads\/2018\/04\/2018_6e-dimanche-ordinaire.-annee-B.pdf\">6e dimanche ordinaire B <\/a><br \/>\n<a href=\"https:\/\/www.cirdic.fr\/wp-content\/uploads\/2018\/05\/2018_3edim-careme_Annee-B.pdf\">3e dimanche du Car\u00eame B<\/a><br \/>\n<a href=\"https:\/\/www.cirdic.fr\/wp-content\/uploads\/2018\/05\/2018_6e-dimanche-de-paques_lettre-du-dimanche_v2.pdf\">6e dimanche de P\u00e2ques B<\/a><br \/>\n<a href=\"https:\/\/www.cirdic.fr\/wp-content\/uploads\/2018\/05\/2018_7e-dimanche-paques.-annee-B.pdf\">7e dimanche de P\u00e2ques B<\/a><br \/>\n<a href=\"https:\/\/www.cirdic.fr\/wp-content\/uploads\/2018\/05\/2018_dimanche-pentecote_annee-B.pdf\">dimanche de la Pentec\u00f4te B<\/a><br \/>\n<a href=\"https:\/\/www.cirdic.fr\/wp-content\/uploads\/2018\/05\/2018_8e-dimanche-ordinaire_sainte-trinite.Annee-B.pdf\" target=\"_blank\" rel=\"noopener noreferrer\">8e dimanche ordinaire. La Sainte Trinit\u00e9 B<\/a><br \/>\n<a href=\"https:\/\/www.cirdic.fr\/wp-content\/uploads\/2018\/05\/2018_9e-dimanche-ordinaire_saint-sacrement-corps-sang-christ.Annee-B-1.pdf\">9e dimanche ordinaire. F\u00eate du Saint-Sacrement B<\/a><br \/>\n<a href=\"https:\/\/www.cirdic.fr\/wp-content\/uploads\/2018\/06\/2018_11e-dimanche-ordinaire_Annee-B.pdf\">11e dimanche ordinaire B<\/a><br \/>\n<a href=\"https:\/\/www.cirdic.fr\/wp-content\/uploads\/2018\/06\/2018_12e-dimanche-ordinaire_Annee-B.pdf\">12e dimanche ordinaire B<\/a><br \/>\n<a href=\"https:\/\/www.cirdic.fr\/wp-content\/uploads\/2018\/06\/2018_13e-dimanche-ordinaire_Annee-B.pdf\">13e dimanche ordinaire B<\/a><br \/>\n<a href=\"https:\/\/www.cirdic.fr\/wp-content\/uploads\/2018\/07\/2018_14e-dimanche-ordinaire_Annee-B.pdf\">14e dimanche ordinaire B<\/a><br \/>\n<a href=\"https:\/\/www.cirdic.fr\/wp-content\/uploads\/2018\/10\/2018_27e-dimanche-ordinaire_Annee-B.pdf\">27e dimanche ordinaire B<\/a><\/p>\n<h3 style=\"text-align: justify;\"><a href=\"https:\/\/www.cirdic.fr\/index.php\/lettres-du-dimanche-annee-a\/\">Retrouvez les Lettres du Dimanche Ann\u00e9e A<\/a><\/h3>\n<p style=\"text-align: justify;\">\n<\/div>\n","protected":false},"excerpt":{"rendered":"<p>La Parole de Dieu \u00e0 la lumi\u00e8re du Juda\u00efsme La \u00ab\u00a0Lettre du Dimanche\u00a0\u00bb voudrait aider quiconque souhaite se pr\u00e9parer \u00e0 accueillir la Parole de Dieu donn\u00e9e dans l&rsquo;Eglise chaque dimanche. Elle peut aussi aider \u00e0 commenter les lectures dominicales. On trouvera dans chaque lettre : Le r\u00e9sum\u00e9 du message central du dimanche, Des pistes de &hellip; <a href=\"https:\/\/www.cirdic.fr\/index.php\/sinformer\/lettres-du-dimanche\/\" class=\"more-link\">Continuer la lecture<span class=\"screen-reader-text\"> de &laquo;&nbsp;La lettre du Dimanche&nbsp;&raquo;<\/span><\/a><\/p>\n","protected":false},"author":2,"featured_media":0,"parent":875,"menu_order":0,"comment_status":"closed","ping_status":"open","template":"","meta":{"footnotes":""},"class_list":["post-679","page","type-page","status-publish","hentry"],"jetpack_sharing_enabled":true,"_links":{"self":[{"href":"https:\/\/www.cirdic.fr\/index.php\/wp-json\/wp\/v2\/pages\/679","targetHints":{"allow":["GET"]}}],"collection":[{"href":"https:\/\/www.cirdic.fr\/index.php\/wp-json\/wp\/v2\/pages"}],"about":[{"href":"https:\/\/www.cirdic.fr\/index.php\/wp-json\/wp\/v2\/types\/page"}],"author":[{"embeddable":true,"href":"https:\/\/www.cirdic.fr\/index.php\/wp-json\/wp\/v2\/users\/2"}],"replies":[{"embeddable":true,"href":"https:\/\/www.cirdic.fr\/index.php\/wp-json\/wp\/v2\/comments?post=679"}],"version-history":[{"count":4,"href":"https:\/\/www.cirdic.fr\/index.php\/wp-json\/wp\/v2\/pages\/679\/revisions"}],"predecessor-version":[{"id":4154,"href":"https:\/\/www.cirdic.fr\/index.php\/wp-json\/wp\/v2\/pages\/679\/revisions\/4154"}],"up":[{"embeddable":true,"href":"https:\/\/www.cirdic.fr\/index.php\/wp-json\/wp\/v2\/pages\/875"}],"wp:attachment":[{"href":"https:\/\/www.cirdic.fr\/index.php\/wp-json\/wp\/v2\/media?parent=679"}],"curies":[{"name":"wp","href":"https:\/\/api.w.org\/{rel}","templated":true}]}}