{"id":635,"date":"2017-01-06T15:27:49","date_gmt":"2017-01-06T14:27:49","guid":{"rendered":"http:\/\/cirdictest.letraindelamemoire.fr\/?page_id=635"},"modified":"2023-04-21T14:20:24","modified_gmt":"2023-04-21T12:20:24","slug":"evenements-cirdic","status":"publish","type":"page","link":"https:\/\/www.cirdic.fr\/index.php\/evenements-cirdic\/","title":{"rendered":"Sensibiliser"},"content":{"rendered":"<p style=\"text-align: justify;\">En compl\u00e9ment des <a href=\"https:\/\/www.cirdic.fr\/index.php\/formation\/cours-du-cirdic\/\">cours du soir<\/a>\u00a0le CIRDIC propose plusieurs activit\u00e9s :<\/p>\n<h2 style=\"text-align: justify;\">Atelier sur l\u2019\u00e9tude des textes de la liturgie de la parole<\/h2>\n<p style=\"text-align: justify;\"><img loading=\"lazy\" decoding=\"async\" class=\"size-full wp-image-2589 alignleft\" src=\"https:\/\/www.cirdic.fr\/wp-content\/uploads\/2017\/12\/bible-ouverte-e1512756824157.jpg\" alt=\"\" width=\"270\" height=\"150\" \/>Les passages de l\u2019Ecriture qui sont lus au cours des messes font rarement l\u2019objet d\u2019un commentaire sur l\u2019ensemble des textes, l\u2019hom\u00e9lie portant le plus souvent sur le seul \u00e9vangile. L\u2019atelier que nous proposons fera une analyse de tous les extraits, non par l\u2019animateur, mais par tous les participants du groupe qui se r\u00e9unira six fois dans l\u2019ann\u00e9e. Il ne s\u2019agit pas de tenter une r\u00e9daction en commun d\u2019une lettre du dimanche, mais de questionner chaque texte, de le resituer dans le contexte du livre d\u2019o\u00f9 il est tir\u00e9, de mettre en \u00e9vidence les liens qui relient les diff\u00e9rents passages entre eux, de contr\u00f4ler la pr\u00e9cision de la traduction fran\u00e7aise donn\u00e9e par le lectionnaire, de d\u00e9gager le th\u00e8me central de la liturgie de la parole du jour, et d\u2019en d\u00e9couvrir les sources juives.<br \/>\nChacun viendra avec une Bible en fran\u00e7ais, et les h\u00e9bra\u00efsants, avec une Bible en h\u00e9breu. Les textes de la liturgie de la Parole seront fournis. Chaque s\u00e9ance est autonome donc n&rsquo;h\u00e9sitez pas \u00e0 venir participer \u00e0 ce partage tr\u00e8s enrichissant et fraternel m\u00eame si vous avez manqu\u00e9 la premi\u00e8re !<\/p>\n<ul>\n<li>Lundi 4 d\u00e9cembre 2017<\/li>\n<li>Lundi 15 janvier 2018<\/li>\n<li>Lundi 12 f\u00e9vrier 2018<\/li>\n<li>Lundi 19 mars 2018<\/li>\n<li>Lundi 9 avril 2018<\/li>\n<li>Lundi 28 mai 2018<\/li>\n<\/ul>\n<p><strong>Chaque s\u00e9ance commencera \u00e0 17h et se terminera \u00e0 19h.<\/strong><\/p>\n<p>Chez les Religieux de Notre-Dame de Sion<br \/>\n68 bis rue Notre-Dame des Champs 75006 Paris<br \/>\nM\u00b0 Vavin, Port-Royal ou Notre-Dame des Champs<\/p>\n<p style=\"text-align: justify;\">Animateur : Antoine Lerondeau<br \/>\nPour avoir des pr\u00e9cisions : <a href=\"mailto:cours@cirdic.fr\">cours@cirdic.fr<\/a><\/p>\n<p><a href=\"https:\/\/www.cirdic.fr\/wp-content\/uploads\/2017\/12\/ATELIER-sur-la-liturgie-de-la-PAROLE_bulletin-inscription_v2.pdf\" target=\"_blank\" rel=\"noopener\">Bulletin d&rsquo;inscription \u00e0 t\u00e9l\u00e9charger<\/a><\/p>\n<h2 style=\"text-align: justify;\">D\u00e9jeuners autour d&rsquo;un livre :<\/h2>\n<p style=\"text-align: justify;\"><a href=\"https:\/\/www.cirdic.fr\/wp-content\/uploads\/2017\/04\/La-messe_lustiger_bayard_2009.jpg\"><img loading=\"lazy\" decoding=\"async\" class=\"alignleft wp-image-1782 size-thumbnail\" src=\"https:\/\/www.cirdic.fr\/wp-content\/uploads\/2017\/04\/La-messe_lustiger_bayard_2009-150x150.jpg\" alt=\"\" width=\"150\" height=\"150\" \/><\/a>Le CIRDIC vous propose de participer \u00e0 un groupe de lecture \u00e0 <strong>l\u2019Eglise St Christophe de Javel. 28 rue de la Convention, 75015 Paris. 12h30 &#8211; 14h00<\/strong><br \/>\nLe premier livre propos\u00e9 est <em>\u201cLa messe\u201d<\/em> du Cardinal J.M. Lustiger, qui enracine la liturgie chr\u00e9tienne dans le juda\u00efsme. Nul besoin de lire le livre avant.<br \/>\nDes extraits seront fournis sur place.<\/p>\n<p style=\"text-align: justify;\"><strong>Dates second semestre 2017 :<\/strong><\/p>\n<ul style=\"text-align: justify;\">\n<li>mardi 26 septembre 2017<\/li>\n<li>mardi 3 octobre 2017<\/li>\n<li>mardi 10 octobre 2017<\/li>\n<li>mardi 17 octobre 2017<\/li>\n<li>mardi 7 novembre 2017<\/li>\n<li>mardi 14 novembre 2017<\/li>\n<li>mardi 21 novembre 2017<\/li>\n<li>mardi 28 novembre 2017<\/li>\n<\/ul>\n<p>Pas d&rsquo;inscription pr\u00e9alable, vous pouvez apporter votre d\u00e9jeuner<br \/>\n<strong>Plus d&rsquo;informations :<\/strong> <a href=\"https:\/\/www.cirdic.fr\/index.php\/evenements-cirdic\/dejeuners-autour-dun-livre\/\">Principe des d\u00e9jeuners autour d&rsquo;un livre<\/a><br \/>\n<strong>Contact :<\/strong> <a href=\"mailto:cours@cirdic.fr\">cours@cirdic.fr<\/a><\/p>\n<h2 style=\"text-align: justify;\"><strong>Rencontres dans une synagogue<\/strong><\/h2>\n<p style=\"text-align: justify;\">Visites, \u00e9changes, pri\u00e8res (pr\u00e9cisions \u00e0 venir). Contact : <a href=\"mailto:visites@cirdic.fr\">visites@cirdic.fr<\/a><\/p>\n<h2 style=\"text-align: justify;\"><strong>Visites guid\u00e9es\u00a0de mus\u00e9es et d&rsquo;expositions<\/strong><\/h2>\n<p style=\"text-align: justify;\"><strong><a href=\"https:\/\/www.mahj.org\/fr\" target=\"_blank\" rel=\"noopener noreferrer\"><img loading=\"lazy\" decoding=\"async\" class=\"alignleft\" src=\"https:\/\/gallery.mailchimp.com\/9dcd9334ba41ef9d3b55e890d\/images\/cc553f00-24fd-47ce-bb15-a61a064ee9fb.jpeg\" width=\"114\" height=\"77\" data-file-id=\"221981\" data-cke-saved-src=\"https:\/\/gallery.mailchimp.com\/9dcd9334ba41ef9d3b55e890d\/images\/cc553f00-24fd-47ce-bb15-a61a064ee9fb.jpeg\" \/><\/a><a href=\"https:\/\/www.mahj.org\/fr\" target=\"_blank\" rel=\"noopener noreferrer\">Mus\u00e9e d&rsquo;Art et d&rsquo;Histoire du Juda\u00efsme<\/a>\u00a0<\/strong><\/p>\n<p>&nbsp;<\/p>\n<p style=\"text-align: justify;\"><strong><a href=\"http:\/\/drancy.memorialdelashoah.org\/\" target=\"_blank\" rel=\"noopener noreferrer\"><img loading=\"lazy\" decoding=\"async\" class=\"alignleft\" src=\"https:\/\/gallery.mailchimp.com\/9dcd9334ba41ef9d3b55e890d\/images\/10e4a950-a834-4042-948e-c939f5042766.png\" width=\"106\" height=\"106\" data-file-id=\"240209\" data-cke-saved-src=\"https:\/\/gallery.mailchimp.com\/9dcd9334ba41ef9d3b55e890d\/images\/10e4a950-a834-4042-948e-c939f5042766.png\" \/><\/a>\u00a0\u00a0<a href=\"http:\/\/drancy.memorialdelashoah.org\/\" target=\"_blank\" rel=\"noopener noreferrer\">M\u00e9morial de la Shoah de Drancy<\/a><\/strong><\/p>\n<p>&nbsp;<\/p>\n<p style=\"text-align: justify;\">\n","protected":false},"excerpt":{"rendered":"<p>En compl\u00e9ment des cours du soir\u00a0le CIRDIC propose plusieurs activit\u00e9s : Atelier sur l\u2019\u00e9tude des textes de la liturgie de la parole Les passages de l\u2019Ecriture qui sont lus au cours des messes font rarement l\u2019objet d\u2019un commentaire sur l\u2019ensemble des textes, l\u2019hom\u00e9lie portant le plus souvent sur le seul \u00e9vangile. L\u2019atelier que nous proposons &hellip; <a href=\"https:\/\/www.cirdic.fr\/index.php\/evenements-cirdic\/\" class=\"more-link\">Continuer la lecture<span class=\"screen-reader-text\"> de &laquo;&nbsp;Sensibiliser&nbsp;&raquo;<\/span><\/a><\/p>\n","protected":false},"author":2,"featured_media":0,"parent":0,"menu_order":0,"comment_status":"closed","ping_status":"closed","template":"","meta":{"footnotes":""},"class_list":["post-635","page","type-page","status-publish","hentry"],"jetpack_sharing_enabled":true,"_links":{"self":[{"href":"https:\/\/www.cirdic.fr\/index.php\/wp-json\/wp\/v2\/pages\/635","targetHints":{"allow":["GET"]}}],"collection":[{"href":"https:\/\/www.cirdic.fr\/index.php\/wp-json\/wp\/v2\/pages"}],"about":[{"href":"https:\/\/www.cirdic.fr\/index.php\/wp-json\/wp\/v2\/types\/page"}],"author":[{"embeddable":true,"href":"https:\/\/www.cirdic.fr\/index.php\/wp-json\/wp\/v2\/users\/2"}],"replies":[{"embeddable":true,"href":"https:\/\/www.cirdic.fr\/index.php\/wp-json\/wp\/v2\/comments?post=635"}],"version-history":[{"count":5,"href":"https:\/\/www.cirdic.fr\/index.php\/wp-json\/wp\/v2\/pages\/635\/revisions"}],"predecessor-version":[{"id":4159,"href":"https:\/\/www.cirdic.fr\/index.php\/wp-json\/wp\/v2\/pages\/635\/revisions\/4159"}],"wp:attachment":[{"href":"https:\/\/www.cirdic.fr\/index.php\/wp-json\/wp\/v2\/media?parent=635"}],"curies":[{"name":"wp","href":"https:\/\/api.w.org\/{rel}","templated":true}]}}

<p style="text-align: justify;">En complément des <a href="https://www.cirdic.fr/index.php/formation/cours-du-cirdic/">cours du soir</a> le CIRDIC propose plusieurs activités :</p>
<h2 style="text-align: justify;">Atelier sur l’étude des textes de la liturgie de la parole</h2>
<p style="text-align: justify;"><img loading="lazy" decoding="async" class="size-full wp-image-2589 alignleft" src="https://www.cirdic.fr/wp-content/uploads/2017/12/bible-ouverte-e1512756824157.jpg" alt="" width="270" height="150" />Les passages de l’Ecriture qui sont lus au cours des messes font rarement l’objet d’un commentaire sur l’ensemble des textes, l’homélie portant le plus souvent sur le seul évangile. L’atelier que nous proposons fera une analyse de tous les extraits, non par l’animateur, mais par tous les participants du groupe qui se réunira six fois dans l’année. Il ne s’agit pas de tenter une rédaction en commun d’une lettre du dimanche, mais de questionner chaque texte, de le resituer dans le contexte du livre d’où il est tiré, de mettre en évidence les liens qui relient les différents passages entre eux, de contrôler la précision de la traduction française donnée par le lectionnaire, de dégager le thème central de la liturgie de la parole du jour, et d’en découvrir les sources juives.<br />
Chacun viendra avec une Bible en français, et les hébraïsants, avec une Bible en hébreu. Les textes de la liturgie de la Parole seront fournis. Chaque séance est autonome donc n&rsquo;hésitez pas à venir participer à ce partage très enrichissant et fraternel même si vous avez manqué la première !</p>
<ul>
<li>Lundi 4 décembre 2017</li>
<li>Lundi 15 janvier 2018</li>
<li>Lundi 12 février 2018</li>
<li>Lundi 19 mars 2018</li>
<li>Lundi 9 avril 2018</li>
<li>Lundi 28 mai 2018</li>
</ul>
<p><strong>Chaque séance commencera à 17h et se terminera à 19h.</strong></p>
<p>Chez les Religieux de Notre-Dame de Sion<br />
68 bis rue Notre-Dame des Champs 75006 Paris<br />
M° Vavin, Port-Royal ou Notre-Dame des Champs</p>
<p style="text-align: justify;">Animateur : Antoine Lerondeau<br />
Pour avoir des précisions : <a href="mailto:cours@cirdic.fr">cours@cirdic.fr</a></p>
<p><a href="https://www.cirdic.fr/wp-content/uploads/2017/12/ATELIER-sur-la-liturgie-de-la-PAROLE_bulletin-inscription_v2.pdf" target="_blank" rel="noopener">Bulletin d&rsquo;inscription à télécharger</a></p>
<h2 style="text-align: justify;">Déjeuners autour d&rsquo;un livre :</h2>
<p style="text-align: justify;"><a href="https://www.cirdic.fr/wp-content/uploads/2017/04/La-messe_lustiger_bayard_2009.jpg"><img loading="lazy" decoding="async" class="alignleft wp-image-1782 size-thumbnail" src="https://www.cirdic.fr/wp-content/uploads/2017/04/La-messe_lustiger_bayard_2009-150x150.jpg" alt="" width="150" height="150" /></a>Le CIRDIC vous propose de participer à un groupe de lecture à <strong>l’Eglise St Christophe de Javel. 28 rue de la Convention, 75015 Paris. 12h30 &#8211; 14h00</strong><br />
Le premier livre proposé est <em>“La messe”</em> du Cardinal J.M. Lustiger, qui enracine la liturgie chrétienne dans le judaïsme. Nul besoin de lire le livre avant.<br />
Des extraits seront fournis sur place.</p>
<p style="text-align: justify;"><strong>Dates second semestre 2017 :</strong></p>
<ul style="text-align: justify;">
<li>mardi 26 septembre 2017</li>
<li>mardi 3 octobre 2017</li>
<li>mardi 10 octobre 2017</li>
<li>mardi 17 octobre 2017</li>
<li>mardi 7 novembre 2017</li>
<li>mardi 14 novembre 2017</li>
<li>mardi 21 novembre 2017</li>
<li>mardi 28 novembre 2017</li>
</ul>
<p>Pas d&rsquo;inscription préalable, vous pouvez apporter votre déjeuner<br />
<strong>Plus d&rsquo;informations :</strong> <a href="https://www.cirdic.fr/index.php/evenements-cirdic/dejeuners-autour-dun-livre/">Principe des déjeuners autour d&rsquo;un livre</a><br />
<strong>Contact :</strong> <a href="mailto:cours@cirdic.fr">cours@cirdic.fr</a></p>
<h2 style="text-align: justify;"><strong>Rencontres dans une synagogue</strong></h2>
<p style="text-align: justify;">Visites, échanges, prières (précisions à venir). Contact : <a href="mailto:visites@cirdic.fr">visites@cirdic.fr</a></p>
<h2 style="text-align: justify;"><strong>Visites guidées de musées et d&rsquo;expositions</strong></h2>
<p style="text-align: justify;"><strong><a href="https://www.mahj.org/fr" target="_blank" rel="noopener noreferrer"><img loading="lazy" decoding="async" class="alignleft" src="https://gallery.mailchimp.com/9dcd9334ba41ef9d3b55e890d/images/cc553f00-24fd-47ce-bb15-a61a064ee9fb.jpeg" width="114" height="77" data-file-id="221981" data-cke-saved-src="https://gallery.mailchimp.com/9dcd9334ba41ef9d3b55e890d/images/cc553f00-24fd-47ce-bb15-a61a064ee9fb.jpeg" /></a><a href="https://www.mahj.org/fr" target="_blank" rel="noopener noreferrer">Musée d&rsquo;Art et d&rsquo;Histoire du Judaïsme</a> </strong></p>
<p>&nbsp;</p>
<p style="text-align: justify;"><strong><a href="http://drancy.memorialdelashoah.org/" target="_blank" rel="noopener noreferrer"><img loading="lazy" decoding="async" class="alignleft" src="https://gallery.mailchimp.com/9dcd9334ba41ef9d3b55e890d/images/10e4a950-a834-4042-948e-c939f5042766.png" width="106" height="106" data-file-id="240209" data-cke-saved-src="https://gallery.mailchimp.com/9dcd9334ba41ef9d3b55e890d/images/10e4a950-a834-4042-948e-c939f5042766.png" /></a>  <a href="http://drancy.memorialdelashoah.org/" target="_blank" rel="noopener noreferrer">Mémorial de la Shoah de Drancy</a></strong></p>
<p>&nbsp;</p>
<p style="text-align: justify;">

<p>En complément des cours du soir le CIRDIC propose plusieurs activités : Atelier sur l’étude des textes de la liturgie de la parole Les passages de l’Ecriture qui sont lus au cours des messes font rarement l’objet d’un commentaire sur l’ensemble des textes, l’homélie portant le plus souvent sur le seul évangile. L’atelier que nous proposons &hellip; <a href="https://www.cirdic.fr/index.php/evenements-cirdic/" class="more-link">Continuer la lecture<span class="screen-reader-text"> de &laquo;&nbsp;Sensibiliser&nbsp;&raquo;</span></a></p>
