{"id":107,"date":"2016-11-13T12:41:05","date_gmt":"2016-11-13T11:41:05","guid":{"rendered":"http:\/\/www.cirdic.fr\/?page_id=107"},"modified":"2016-11-13T12:41:05","modified_gmt":"2016-11-13T11:41:05","slug":"liens","status":"publish","type":"page","link":"https:\/\/www.cirdic.fr\/index.php\/liens\/","title":{"rendered":"Nos partenaires"},"content":{"rendered":"<h2>Lieux et sites de formation<\/h2>\n<p><a href=\"http:\/\/www.paris.catholique.fr\/l-ecole-cathedrale-et-le-college.html\" target=\"_blank\" rel=\"noopener noreferrer\">L\u2019Ecole Cath\u00e9drale et le Coll\u00e8ge des Bernardins<\/a><\/p>\n<p><a href=\"https:\/\/www.collegedesbernardins.fr\/formation\/centre-chretien-detudes-juives\" target=\"_blank\" rel=\"noopener noreferrer\">Centre Chr\u00e9tiens d\u2019Etudes Juives<\/a><\/p>\n<p><a href=\"http:\/\/www.centreformationbiblique.com\/\" target=\"_blank\" rel=\"noopener noreferrer\">Ecce homo. Centre de formation biblique<\/a><\/p>\n<p><a href=\"http:\/\/centrecomparis.com\/\" target=\"_blank\" rel=\"noopener noreferrer\">Centre Communautaire de Paris<\/a><\/p>\n<p><a href=\"http:\/\/www.akadem.org\/\" target=\"_blank\" rel=\"noopener noreferrer\">AKADEM. Le Campus num\u00e9rique juif<\/a><\/p>\n<p><a href=\"http:\/\/www.institutlustiger.fr\/\">Institut Jean Marie Lustiger<\/a><\/p>\n<p><a href=\"http:\/\/www.aiu.org\/\">Alliance Isra\u00e9lite Universelle<\/a><\/p>\n<p><a href=\"http:\/\/www.mahj.org\/\">Mus\u00e9e d\u2019Art et d\u2019Histoire du Juda\u00efsme<\/a><\/p>\n<p><a href=\"http:\/\/www.memorialdelashoah.org\/\">M\u00e9morial de la Shoah<\/a><\/p>\n<h2>Organisations catholiques<\/h2>\n<p><a href=\"http:\/\/www.eglise.catholique.fr\/approfondir-sa-foi\/vivre-sa-foi-a-tous-les-ages\/relationsjudaisme\/\" target=\"_blank\" rel=\"noopener noreferrer\">Service national pour les relations avec le juda\u00efsme (SNRJ)<\/a> (sous la responsabilit\u00e9 du Conseil pour l\u2019unit\u00e9 des chr\u00e9tiens et les relations avec le juda\u00efsme)<\/p>\n<p><a href=\"http:\/\/www.paris.catholique.fr\/-relations-avec-le-judaisme-137-.html\" target=\"_blank\" rel=\"noopener noreferrer\">Service r\u00e9gional (Ile de France) pour les relations avec le juda\u00efsme (SRDJ)<\/a><\/p>\n<p><a href=\"http:\/\/www.notredamedesion.org\/\" target=\"_blank\" rel=\"noopener noreferrer\">S\u0153urs de Notre-Dame de Sion<\/a><\/p>\n<p><a href=\"http:\/\/brothersofsion.org.il\/Result.asp?recordID=commhistoryfr\" target=\"_blank\" rel=\"noopener noreferrer\">Religieux de Notre-Dame de Sion<\/a><\/p>\n<p><a href=\"http:\/\/friendsofsion.org\/fr\/\" target=\"_blank\" rel=\"noopener noreferrer\">Friendsofsion. Les amis de Notre-Dame de Sion<\/a><\/p>\n<p><a href=\"http:\/\/jerusalem.cef.fr\/\" target=\"_blank\" rel=\"noopener noreferrer\">Fraternit\u00e9s de J\u00e9rusalem<\/a><\/p>\n<p><a href=\"http:\/\/www.fraternite-dabraham.com\/\" target=\"_blank\" rel=\"noopener noreferrer\">Fraternit\u00e9 d\u2019Abraham<\/a><\/p>\n<p><a href=\"https:\/\/w2.vatican.va\/content\/vatican\/fr.html\" target=\"_blank\" rel=\"noopener noreferrer\">Site du Saint Si\u00e8ge<\/a><\/p>\n<h2>Organisations Juives<\/h2>\n<p><a href=\"http:\/\/www.consistoire.org\/\" target=\"_blank\" rel=\"noopener noreferrer\">Juda\u00efsme Consistorial<\/a><\/p>\n<p><a href=\"http:\/\/www.massorti.com\/\" target=\"_blank\" rel=\"noopener noreferrer\">Juda\u00efsme Massorti<\/a><\/p>\n<p><a href=\"http:\/\/www.kehilatgesher.org\/\" target=\"_blank\" rel=\"noopener noreferrer\">Kehilat Gesher<\/a>. Communaut\u00e9 juive lib\u00e9rale francophone et anglophone de Paris<\/p>\n<p><a href=\"https:\/\/www.mjlf.org\/fr\" target=\"_blank\" rel=\"noopener noreferrer\">Mouvement Juif Lib\u00e9ral de France<\/a><\/p>\n<p><a href=\"http:\/\/www.cjl-paris.org\/\" target=\"_blank\" rel=\"noopener noreferrer\">Communaut\u00e9 Juive Lib\u00e9rale de France<\/a><\/p>\n<p><a href=\"https:\/\/copernic.paris\/fr\/\" target=\"_blank\" rel=\"noopener noreferrer\">ULIF Copernic. Union Lib\u00e9rale Isra\u00e9lite de France<\/a><\/p>\n<h2>Associations impliqu\u00e9es dans le dialogue inter religieux<\/h2>\n<p><a href=\"http:\/\/www.ajcf.fr\/\" target=\"_blank\" rel=\"noopener noreferrer\">Amiti\u00e9 Jud\u00e9o-Chr\u00e9tienne de France<\/a><\/p>\n<p><a href=\"http:\/\/davar.fr\/\" target=\"_blank\" rel=\"noopener noreferrer\">Davar<\/a><\/p>\n<p><a href=\"https:\/\/auventdesrencontres.wordpress.com\/\" target=\"_blank\" rel=\"noopener noreferrer\">Au Vent des rencontres<\/a><\/p>\n<p><a href=\"http:\/\/www.yahadinunum.org\/fr\/\" target=\"_blank\" rel=\"noopener noreferrer\">Yahad in Unum<\/a><\/p>\n<p><a href=\"http:\/\/traindelamemoire.fr\/\" target=\"_blank\" rel=\"noopener noreferrer\">Le Train de la m\u00e9moire <\/a><\/p>\n<h3>Associations internationales<\/h3>\n<p><a href=\"http:\/\/www.iccj.org\/\" target=\"_blank\" rel=\"noopener noreferrer\">ICCJ. International Council of Christians and Jews<\/a><\/p>\n<p>dont d\u00e9pend aussi le site :<br \/>\n<a href=\"http:\/\/www.jcrelations.net\/Home.112.0.html?&amp;L=6\" target=\"_blank\" rel=\"noopener noreferrer\">JCR. Jewish-Christian Relations<\/a>. Id\u00e9es et questions actuelles sur le dialogue jud\u00e9o-chr\u00e9tien (avec une section fran\u00e7aise)<\/p>\n<h2>Autres\u00a0:<\/h2>\n<p><a href=\"http:\/\/laclarinetteconte.com\/\" target=\"_blank\" rel=\"noopener noreferrer\">La Clarinette conte\u2026<\/a><\/p>\n","protected":false},"excerpt":{"rendered":"<p>Lieux et sites de formation L\u2019Ecole Cath\u00e9drale et le Coll\u00e8ge des Bernardins Centre Chr\u00e9tiens d\u2019Etudes Juives Ecce homo. Centre de formation biblique Centre Communautaire de Paris AKADEM. Le Campus num\u00e9rique juif Institut Jean Marie Lustiger Alliance Isra\u00e9lite Universelle Mus\u00e9e d\u2019Art et d\u2019Histoire du Juda\u00efsme M\u00e9morial de la Shoah Organisations catholiques Service national pour les relations &hellip; <a href=\"https:\/\/www.cirdic.fr\/index.php\/liens\/\" class=\"more-link\">Continuer la lecture<span class=\"screen-reader-text\"> de &laquo;&nbsp;Nos partenaires&nbsp;&raquo;<\/span><\/a><\/p>\n","protected":false},"author":1,"featured_media":0,"parent":0,"menu_order":3,"comment_status":"closed","ping_status":"closed","template":"","meta":{"footnotes":""},"class_list":["post-107","page","type-page","status-publish","hentry"],"jetpack_sharing_enabled":true,"_links":{"self":[{"href":"https:\/\/www.cirdic.fr\/index.php\/wp-json\/wp\/v2\/pages\/107","targetHints":{"allow":["GET"]}}],"collection":[{"href":"https:\/\/www.cirdic.fr\/index.php\/wp-json\/wp\/v2\/pages"}],"about":[{"href":"https:\/\/www.cirdic.fr\/index.php\/wp-json\/wp\/v2\/types\/page"}],"author":[{"embeddable":true,"href":"https:\/\/www.cirdic.fr\/index.php\/wp-json\/wp\/v2\/users\/1"}],"replies":[{"embeddable":true,"href":"https:\/\/www.cirdic.fr\/index.php\/wp-json\/wp\/v2\/comments?post=107"}],"version-history":[{"count":0,"href":"https:\/\/www.cirdic.fr\/index.php\/wp-json\/wp\/v2\/pages\/107\/revisions"}],"wp:attachment":[{"href":"https:\/\/www.cirdic.fr\/index.php\/wp-json\/wp\/v2\/media?parent=107"}],"curies":[{"name":"wp","href":"https:\/\/api.w.org\/{rel}","templated":true}]}}